{"id":43,"date":"2020-08-01T07:59:58","date_gmt":"2020-08-01T07:59:58","guid":{"rendered":"http:\/\/www.stephanieschmid.at\/events\/?page_id=43"},"modified":"2020-08-01T07:59:58","modified_gmt":"2020-08-01T07:59:58","slug":"partner","status":"publish","type":"page","link":"https:\/\/villasonnenschein.at\/events\/partner\/","title":{"rendered":"Partner"},"content":{"rendered":"\n<div class=\"wp-block-cover alignfull has-background-dim has-parallax\" style=\"background-image:url(https:\/\/villasonnenschein.at\/\/events\/wp-content\/uploads\/2020\/08\/Fabsi__163.b3b74ccb9ef3e5dedfc81af123e66e8d1-1.jpg)\"><div class=\"wp-block-cover__inner-container is-layout-flow wp-block-cover-is-layout-flow\">\n<h4 class=\"wp-block-heading\">F\u00fcr eine gelungene Veranstaltung empfehlen wir Ihnen gerne unsere regionalen Partner<\/h4>\n<\/div><\/div>\n\n\n\n<div class=\"wp-block-media-text alignwide is-stacked-on-mobile is-image-fill\"><figure class=\"wp-block-media-text__media\" style=\"background-image:url(https:\/\/villasonnenschein.at\/\/events\/wp-content\/uploads\/2020\/08\/Fabsi__163.b3b74ccb9ef3e5dedfc81af123e66e8d1-1-1024x684.jpg);background-position:50% 50%\"><img loading=\"lazy\" decoding=\"async\" width=\"1024\" height=\"684\" src=\"https:\/\/villasonnenschein.at\/\/events\/wp-content\/uploads\/2020\/08\/Fabsi__163.b3b74ccb9ef3e5dedfc81af123e66e8d1-1-1024x684.jpg\" alt=\"\" class=\"wp-image-168\" srcset=\"https:\/\/villasonnenschein.at\/events\/wp-content\/uploads\/2020\/08\/Fabsi__163.b3b74ccb9ef3e5dedfc81af123e66e8d1-1-1024x684.jpg 1024w, https:\/\/villasonnenschein.at\/events\/wp-content\/uploads\/2020\/08\/Fabsi__163.b3b74ccb9ef3e5dedfc81af123e66e8d1-1-300x200.jpg 300w, https:\/\/villasonnenschein.at\/events\/wp-content\/uploads\/2020\/08\/Fabsi__163.b3b74ccb9ef3e5dedfc81af123e66e8d1-1-768x513.jpg 768w, https:\/\/villasonnenschein.at\/events\/wp-content\/uploads\/2020\/08\/Fabsi__163.b3b74ccb9ef3e5dedfc81af123e66e8d1-1-1536x1026.jpg 1536w, https:\/\/villasonnenschein.at\/events\/wp-content\/uploads\/2020\/08\/Fabsi__163.b3b74ccb9ef3e5dedfc81af123e66e8d1-1.jpg 2000w\" sizes=\"auto, (max-width: 1024px) 100vw, 1024px\" \/><\/figure><div class=\"wp-block-media-text__content\">\n<p class=\"has-large-font-size\">Catering<\/p>\n\n\n\n<p>praktischerweise wirklich gleich ums Eck &#8211; die unvergleichliche <a rel=\"noreferrer noopener\" href=\"https:\/\/tortenmanufaktur.at\/\" target=\"_blank\">Tortenmanufaktur<\/a> Hollander<\/p>\n\n\n\n<p><\/p>\n\n\n\n<p><\/p>\n<\/div><\/div>\n\n\n\n<div class=\"wp-block-media-text alignwide is-stacked-on-mobile is-image-fill\"><figure class=\"wp-block-media-text__media\" style=\"background-image:url(https:\/\/villasonnenschein.at\/\/events\/wp-content\/uploads\/2020\/08\/Broetchen-770x1024.jpg);background-position:63% 43%\"><img loading=\"lazy\" decoding=\"async\" width=\"770\" height=\"1024\" src=\"https:\/\/villasonnenschein.at\/\/events\/wp-content\/uploads\/2020\/08\/Broetchen-770x1024.jpg\" alt=\"\" class=\"wp-image-183\" srcset=\"https:\/\/villasonnenschein.at\/events\/wp-content\/uploads\/2020\/08\/Broetchen-770x1024.jpg 770w, https:\/\/villasonnenschein.at\/events\/wp-content\/uploads\/2020\/08\/Broetchen-225x300.jpg 225w, https:\/\/villasonnenschein.at\/events\/wp-content\/uploads\/2020\/08\/Broetchen-768x1022.jpg 768w, https:\/\/villasonnenschein.at\/events\/wp-content\/uploads\/2020\/08\/Broetchen.jpg 1125w\" sizes=\"auto, (max-width: 770px) 100vw, 770px\" \/><\/figure><div class=\"wp-block-media-text__content\">\n<p class=\"has-large-font-size\">Catering &#8211; Br\u00f6tchen<\/p>\n\n\n\n<p>Wenn es um Br\u00f6tchen geht, vertrauen wir seit Jahren auf Gerti Puxbaum von Puxi&#8217;s Br\u00f6tchenparadies.  Einfach die besten Br\u00f6tchen in Klosterneuburg und Umgebung. Telefon: <a href=\"tel:+436764840328\">+436764840328<\/a> <\/p>\n<\/div><\/div>\n\n\n\n<div class=\"wp-block-media-text alignwide is-stacked-on-mobile is-vertically-aligned-bottom is-image-fill\"><figure class=\"wp-block-media-text__media\" style=\"background-image:url(https:\/\/villasonnenschein.at\/events\/wp-content\/uploads\/2020\/09\/IMG_0500-2-1024x768.jpg);background-position:50% 50%\"><img decoding=\"async\" src=\"https:\/\/villasonnenschein.at\/events\/wp-content\/uploads\/2020\/09\/IMG_0500-2-1024x768.jpg\" alt=\"\" class=\"wp-image-319\"\/><\/figure><div class=\"wp-block-media-text__content\">\n<p class=\"has-large-font-size\">Catering &#8211; Heurigen Trat-Wiesner<\/p>\n\n\n\n<p>Nur einen Steinwurf entfernt. Der Weidlinger <a href=\"https:\/\/trat-wiesner.at\/willkommen-beim-trat-wiesner\/kontakt\/\">Heurigen Trat-Wiesner <\/a>verw\u00f6hnt Sie gerne auch bei uns im Tal mit seinen Spezialit\u00e4ten.<\/p>\n<\/div><\/div>\n\n\n\n<div class=\"wp-block-media-text alignwide is-stacked-on-mobile is-vertically-aligned-bottom is-image-fill\"><figure class=\"wp-block-media-text__media\" style=\"background-image:url(https:\/\/villasonnenschein.at\/events\/wp-content\/uploads\/2020\/10\/DB_Adventure_Catering_Wedding_04-1-1024x683.jpg);background-position:50% 50%\"><img decoding=\"async\" src=\"https:\/\/villasonnenschein.at\/events\/wp-content\/uploads\/2020\/10\/DB_Adventure_Catering_Wedding_04-1-1024x683.jpg\" alt=\"\" class=\"wp-image-400\"\/><\/figure><div class=\"wp-block-media-text__content\">\n<p class=\"has-large-font-size\">Adventure Catering<\/p>\n\n\n\n<p>Nicht in Klosterneuburg aber ganz in der N\u00e4he, im 21. Bezirk von Wien befindet sich <a href=\"http:\/\/www.catering.at\">Adventure Catering<\/a>, unser traditionsreicher Catering Partner &#8211; besonders f\u00fcr gr\u00f6\u00dfere Veranstaltungen. Lassen Sie sich von den k\u00f6stlichen Angeboten der Homepage inspirieren! <\/p>\n<\/div><\/div>\n\n\n\n<div class=\"wp-block-media-text alignwide is-stacked-on-mobile is-vertically-aligned-bottom is-image-fill\"><figure class=\"wp-block-media-text__media\" style=\"background-image:url(https:\/\/villasonnenschein.at\/events\/wp-content\/uploads\/2021\/06\/IMG_6459-1024x768.jpg);background-position:50% 50%\"><img decoding=\"async\" src=\"https:\/\/villasonnenschein.at\/events\/wp-content\/uploads\/2021\/06\/IMG_6459-1024x768.jpg\" alt=\"\" class=\"wp-image-460\"\/><\/figure><div class=\"wp-block-media-text__content\">\n<p class=\"has-large-font-size\">Burger show cooking<\/p>\n\n\n\n<p>BBQ by Bernd Wiechenthaler. Sous Vide vorgegarte Burger, frisch gebraten mit hausgemachten Saucen und Salaten. Ein Party-Highlight!  <a href=\"tel:+436802333022\">+436802333022<\/a><\/p>\n<\/div><\/div>\n\n\n\n<div class=\"wp-block-media-text alignwide is-stacked-on-mobile is-vertically-aligned-bottom is-image-fill\"><figure class=\"wp-block-media-text__media\" style=\"background-image:url(https:\/\/villasonnenschein.at\/\/events\/wp-content\/uploads\/2020\/10\/hannis-kitchen-1-1024x913.jpg);background-position:50% 50%\"><img decoding=\"async\" src=\"https:\/\/villasonnenschein.at\/\/events\/wp-content\/uploads\/2020\/10\/hannis-kitchen-1-1024x913.jpg\" alt=\"\" class=\"wp-image-391\"\/><\/figure><div class=\"wp-block-media-text__content\">\n<p class=\"has-large-font-size\">Hanni&#8217;s Kitchen<\/p>\n\n\n\n<p>Johanna K\u00f6rner ist eine Klosterneuburger K\u00f6chin und Catering Unternehmerin. Ihre Spezialit\u00e4t ist es, ihre Kunden besonders individuell zu verw\u00f6hnen. <a href=\"http:\/\/www.hanniskitchen.at\">hanniskitchen<\/a><\/p>\n<\/div><\/div>\n\n\n\n<div class=\"wp-block-media-text alignwide is-stacked-on-mobile is-image-fill\"><figure class=\"wp-block-media-text__media\" style=\"background-image:url(https:\/\/villasonnenschein.at\/events\/wp-content\/uploads\/2020\/08\/3P7A0583@carostrasnik-1024x683.jpg);background-position:48% 45%\"><img decoding=\"async\" src=\"https:\/\/villasonnenschein.at\/events\/wp-content\/uploads\/2020\/08\/3P7A0583@carostrasnik-1024x683.jpg\" alt=\"\" class=\"wp-image-190\"\/><\/figure><div class=\"wp-block-media-text__content\">\n<p class=\"has-large-font-size\">Fotografie<\/p>\n\n\n\n<p>Caro Strasnik shootet nicht nur f\u00fcr Modemagazine und Unternehmen, sie f\u00e4ngt auch mit viel Spa\u00df und noch mehr Gef\u00fchl ganz besondere Momente ein. <a rel=\"noreferrer noopener\" href=\"http:\/\/www.carostrasnik.com\" target=\"_blank\">Caro Strasnik Photography<\/a><\/p>\n<\/div><\/div>\n\n\n\n<div class=\"wp-block-media-text alignwide is-stacked-on-mobile is-image-fill\"><figure class=\"wp-block-media-text__media\" style=\"background-image:url(https:\/\/villasonnenschein.at\/\/events\/wp-content\/uploads\/2022\/09\/videograf-1-1-1024x722.png);background-position:50% 50%\"><img loading=\"lazy\" decoding=\"async\" width=\"1024\" height=\"722\" src=\"https:\/\/villasonnenschein.at\/\/events\/wp-content\/uploads\/2022\/09\/videograf-1-1-1024x722.png\" alt=\"\" class=\"wp-image-518\" srcset=\"https:\/\/villasonnenschein.at\/events\/wp-content\/uploads\/2022\/09\/videograf-1-1-1024x722.png 1024w, https:\/\/villasonnenschein.at\/events\/wp-content\/uploads\/2022\/09\/videograf-1-1-300x212.png 300w, https:\/\/villasonnenschein.at\/events\/wp-content\/uploads\/2022\/09\/videograf-1-1-768x542.png 768w, https:\/\/villasonnenschein.at\/events\/wp-content\/uploads\/2022\/09\/videograf-1-1-1536x1084.png 1536w, https:\/\/villasonnenschein.at\/events\/wp-content\/uploads\/2022\/09\/videograf-1-1.png 1586w\" sizes=\"auto, (max-width: 1024px) 100vw, 1024px\" \/><\/figure><div class=\"wp-block-media-text__content\">\n<p class=\"has-large-font-size\">Fotografie und Video<\/p>\n\n\n\n<p><a rel=\"noreferrer noopener\" href=\"\/Users\/steffi\/Downloads\/folder-alexander-pfeffel%20(3).pdf\" target=\"_blank\">Alexander Pfeffel<\/a> reist gerne aus der sch\u00f6nen Wachau an und h\u00e4lt Ihre sch\u00f6nsten Momente gekonnt und unaufdringlich fest.<\/p>\n<\/div><\/div>\n\n\n\n<div class=\"wp-block-media-text alignwide is-stacked-on-mobile is-image-fill\"><figure class=\"wp-block-media-text__media\" style=\"background-image:url(https:\/\/villasonnenschein.at\/events\/wp-content\/uploads\/2020\/08\/3P7A9984@carostrasnik-683x1024.jpg);background-position:48% 38%\"><img decoding=\"async\" src=\"https:\/\/villasonnenschein.at\/events\/wp-content\/uploads\/2020\/08\/3P7A9984@carostrasnik-683x1024.jpg\" alt=\"\" class=\"wp-image-186\"\/><\/figure><div class=\"wp-block-media-text__content\">\n<p class=\"has-large-font-size\">DJ, Licht und Ton<\/p>\n\n\n\n<p>unser Resident DJ &#8211; <a rel=\"noreferrer noopener\" href=\"mailto:dj.tschortsch@gmail.com\" target=\"_blank\">DJ Tschortsch<\/a><\/p>\n<\/div><\/div>\n\n\n\n<div class=\"wp-block-media-text alignwide is-stacked-on-mobile is-image-fill\"><figure class=\"wp-block-media-text__media\" style=\"background-image:url(https:\/\/villasonnenschein.at\/\/events\/wp-content\/uploads\/2020\/08\/a3616867-e31f-4490-bad3-00d1accd9d83-1-576x1024.jpg);background-position:50% 50%\"><img loading=\"lazy\" decoding=\"async\" width=\"576\" height=\"1024\" src=\"https:\/\/villasonnenschein.at\/\/events\/wp-content\/uploads\/2020\/08\/a3616867-e31f-4490-bad3-00d1accd9d83-1-576x1024.jpg\" alt=\"\" class=\"wp-image-235\" srcset=\"https:\/\/villasonnenschein.at\/events\/wp-content\/uploads\/2020\/08\/a3616867-e31f-4490-bad3-00d1accd9d83-1-576x1024.jpg 576w, https:\/\/villasonnenschein.at\/events\/wp-content\/uploads\/2020\/08\/a3616867-e31f-4490-bad3-00d1accd9d83-1-169x300.jpg 169w, https:\/\/villasonnenschein.at\/events\/wp-content\/uploads\/2020\/08\/a3616867-e31f-4490-bad3-00d1accd9d83-1-768x1365.jpg 768w, https:\/\/villasonnenschein.at\/events\/wp-content\/uploads\/2020\/08\/a3616867-e31f-4490-bad3-00d1accd9d83-1-864x1536.jpg 864w, https:\/\/villasonnenschein.at\/events\/wp-content\/uploads\/2020\/08\/a3616867-e31f-4490-bad3-00d1accd9d83-1.jpg 900w\" sizes=\"auto, (max-width: 576px) 100vw, 576px\" \/><\/figure><div class=\"wp-block-media-text__content\">\n<p class=\"has-large-font-size\">Band<\/p>\n\n\n\n<p>unsere Hausband &#8211; die <a href=\"https:\/\/www.facebook.com\/Leopoldi-Groove-Society-273113676470168\" target=\"_blank\" rel=\"noreferrer noopener\">Leopoldi Groove Society<\/a><\/p>\n<\/div><\/div>\n\n\n\n<div class=\"wp-block-media-text alignwide is-stacked-on-mobile is-image-fill\"><figure class=\"wp-block-media-text__media\" style=\"background-image:url(https:\/\/villasonnenschein.at\/\/events\/wp-content\/uploads\/2020\/08\/lindbirg-2-1-1024x683.jpg);background-position:50% 50%\"><img loading=\"lazy\" decoding=\"async\" width=\"1024\" height=\"683\" src=\"https:\/\/villasonnenschein.at\/\/events\/wp-content\/uploads\/2020\/08\/lindbirg-2-1-1024x683.jpg\" alt=\"\" class=\"wp-image-305\" srcset=\"https:\/\/villasonnenschein.at\/events\/wp-content\/uploads\/2020\/08\/lindbirg-2-1-1024x683.jpg 1024w, https:\/\/villasonnenschein.at\/events\/wp-content\/uploads\/2020\/08\/lindbirg-2-1-300x200.jpg 300w, https:\/\/villasonnenschein.at\/events\/wp-content\/uploads\/2020\/08\/lindbirg-2-1-768x512.jpg 768w, https:\/\/villasonnenschein.at\/events\/wp-content\/uploads\/2020\/08\/lindbirg-2-1.jpg 1382w\" sizes=\"auto, (max-width: 1024px) 100vw, 1024px\" \/><\/figure><div class=\"wp-block-media-text__content\">\n<p class=\"has-large-font-size\">Traurednerinnen<\/p>\n\n\n\n<p>Linda Hold und Birgit Noisternig gestalten Ihre Freie Trauung ganz pers\u00f6nlich nach Ihren Vorstellungen. &#8211; <a href=\"https:\/\/www.lindbirg.com\/wedding\">Lindbirg<\/a><\/p>\n<\/div><\/div>\n\n\n\n<div class=\"wp-block-media-text alignwide is-stacked-on-mobile is-image-fill\"><figure class=\"wp-block-media-text__media\" style=\"background-image:url(https:\/\/villasonnenschein.at\/events\/wp-content\/uploads\/2021\/06\/IMG_6441-1-1024x768.jpg);background-position:50% 50%\"><img decoding=\"async\" src=\"https:\/\/villasonnenschein.at\/events\/wp-content\/uploads\/2021\/06\/IMG_6441-1-1024x768.jpg\" alt=\"\" class=\"wp-image-458\"\/><\/figure><div class=\"wp-block-media-text__content\">\n<p class=\"has-large-font-size\">Freie Taufen &#8211; Kinder-Willkommensfest<\/p>\n\n\n\n<p>Patricia Kriechbaum veranstaltet sehr pers\u00f6nliche und ber\u00fchrende Zeremonien. Taschent\u00fccher bereithalten. Kontakt \u00fcber <a href=\"mailto:events@villasonnenschein.at\">events@villasonnenschein.at<\/a><\/p>\n<\/div><\/div>\n\n\n\n<div class=\"wp-block-media-text alignwide is-stacked-on-mobile is-image-fill\"><figure class=\"wp-block-media-text__media\" style=\"background-image:url(https:\/\/villasonnenschein.at\/events\/wp-content\/uploads\/2020\/08\/IMG_9914-1024x675.jpg);background-position:50% 50%\"><img decoding=\"async\" src=\"https:\/\/villasonnenschein.at\/events\/wp-content\/uploads\/2020\/08\/IMG_9914-1024x675.jpg\" alt=\"\" class=\"wp-image-307\"\/><\/figure><div class=\"wp-block-media-text__content\">\n<p class=\"has-large-font-size\">Kinderbetreuung und Animation<\/p>\n\n\n\n<p>Christoph und sein Team von <a href=\"https:\/\/www.mrpoppins.at\/\">Mr. Poppins <\/a>garantieren eine liebevolle Betreuung der Kleinen und Kleinsten w\u00e4hrend Ihrer Trauung und veranstalten unvergessliche Kindergeburtstage!  <\/p>\n<\/div><\/div>\n\n\n\n<p><\/p>\n","protected":false},"excerpt":{"rendered":"<p>Catering praktischerweise wirklich gleich ums Eck &#8211; die unvergleichliche Tortenmanufaktur Hollander Catering &#8211; Br\u00f6tchen Wenn es um Br\u00f6tchen geht, vertrauen wir seit Jahren auf Gerti Puxbaum von Puxi&#8217;s Br\u00f6tchenparadies. Einfach die besten Br\u00f6tchen in Klosterneuburg und Umgebung. Telefon: +436764840328 Catering &#8211; Heurigen Trat-Wiesner Nur einen Steinwurf entfernt. Der Weidlinger Heurigen Trat-Wiesner verw\u00f6hnt Sie gerne auch<a class=\"more-link\" href=\"https:\/\/villasonnenschein.at\/events\/partner\/\">Continue reading <span class=\"screen-reader-text\">&#8222;Partner&#8220;<\/span><\/a><\/p>\n","protected":false},"author":1,"featured_media":0,"parent":0,"menu_order":0,"comment_status":"closed","ping_status":"closed","template":"","meta":{"footnotes":""},"class_list":["post-43","page","type-page","status-publish","hentry","entry"],"_links":{"self":[{"href":"https:\/\/villasonnenschein.at\/events\/wp-json\/wp\/v2\/pages\/43","targetHints":{"allow":["GET"]}}],"collection":[{"href":"https:\/\/villasonnenschein.at\/events\/wp-json\/wp\/v2\/pages"}],"about":[{"href":"https:\/\/villasonnenschein.at\/events\/wp-json\/wp\/v2\/types\/page"}],"author":[{"embeddable":true,"href":"https:\/\/villasonnenschein.at\/events\/wp-json\/wp\/v2\/users\/1"}],"replies":[{"embeddable":true,"href":"https:\/\/villasonnenschein.at\/events\/wp-json\/wp\/v2\/comments?post=43"}],"version-history":[{"count":0,"href":"https:\/\/villasonnenschein.at\/events\/wp-json\/wp\/v2\/pages\/43\/revisions"}],"wp:attachment":[{"href":"https:\/\/villasonnenschein.at\/events\/wp-json\/wp\/v2\/media?parent=43"}],"curies":[{"name":"wp","href":"https:\/\/api.w.org\/{rel}","templated":true}]}}